 + 2523335?
2523354
In base 3, what is -1002120 - 1002002?
-2011122
In base 8, what is -521 + 72?
-427
In base 9, what is 2744 + 26?
2771
In base 11, what is 528 + -69?
46a
In base 15, what is 1db2 - -9?
1dbb
In base 9, what is 134015 + -17?
133887
In base 11, what is -22 - 65913?
-65935
In base 4, what is -103011 + 0?
-103011
In base 11, what is 476321 - -8?
476329
In base 16, what is -3 - 76d9?
-76dc
In base 16, what is 3 - -753a?
753d
In base 12, what is 1667 - -19?
1684
In base 2, what is 1100101 + 10111110000?
11001010101
In base 14, what is -201b + -c?
-2029
In base 13, what is 2550 - 8?
2545
In base 2, what is 1100 - 10100101001011100?
-10100101001010000
In base 4, what is 22123012 - 0?
22123012
In base 5, what is -241404404 + -2?
-241404411
In base 15, what is 5 + 8ae21?
8ae26
In base 10, what is 30293 - 5?
30288
In base 9, what is -147 - -4165?
4017
In base 10, what is -5 - -39228?
39223
In base 3, what is -100010222 + -101?
-100011100
In base 3, what is 11 + -12220011?
-12220000
In base 9, what is -412373 - 0?
-412373
In base 9, what is 10230 - -11?
10241
In base 4, what is -213 + 223303?
223030
In base 16, what is 5c - -19?
75
In base 4, what is -111 + 10213223?
10213112
In base 8, what is -702 - 674?
-1576
In base 13, what is -238 + 5c?
-1a9
In base 14, what is 1a0a + 15d?
1b69
In base 14, what is -2549c + 5?
-25497
In base 10, what is 2 - -14696?
14698
In base 9, what is -14408 - -3?
-14405
In base 13, what is -a6a6 - -5?
-a6a1
In base 14, what is -5 + d27?
d22
In base 5, what is -2440230 - 0?
-2440230
In base 15, what is -252 + 5?
-24c
In base 10, what is -7632 - 2?
-7634
In base 15, what is 2 + 494?
496
In base 6, what is -2 - -353220?
353214
In base 14, what is c3c - -4c?
c8a
In base 11, what is -66729 - 20?
-66749
In base 12, what is 7486 + -39?
7449
In base 10, what is -3920 - -3?
-3917
In base 13, what is 145ba + a?
145c7
In base 7, what is -153 + 115?
-35
In base 8, what is 210 + 35116?
35326
In base 9, what is 5 - -240173?
240178
In base 6, what is 341331 + -5?
341322
In base 13, what is -5 - -26a381?
26a379
In base 6, what is -150 + -13511?
-14101
In base 16, what is 96e + -17?
957
In base 3, what is -22012100 + 120?
-22011210
In base 7, what is -2105546 + 4?
-2105542
In base 2, what is 11101011101000111110001 - -100?
11101011101000111110101
In base 12, what is -707 + -5?
-710
In base 2, what is 110101 - -10011001111101?
10011010110010
In base 12, what is -358056 + -1?
-358057
In base 7, what is -3603122 - 3?
-3603125
In base 15, what is -1 + -378?
-379
In base 15, what is -83b + 164?
-6c7
In base 5, what is 213143 - -21?
213214
In base 5, what is 32104 - -30044?
112203
In base 6, what is 2 + 303122?
303124
In base 4, what is 3 - -1223030?
1223033
In base 4, what is 1313321 + 0?
1313321
In base 8, what is 3516 + -11?
3505
In base 10, what is 9 + 4422?
4431
In base 14, what is 1 + -a3c?
-a3b
In base 3, what is 10 + 11001111101?
11001111111
In base 12, what is -18 + -2152?
-216a
In base 12, what is -4 - -437949?
437945
In base 12, what is -253b2 + 6?
-253a8
In base 11, what is 3 - 146a?
-1467
In base 13, what is -406 + -341?
-747
In base 12, what is 9564 + 3?
9567
In base 15, what is 55 - -311?
366
In base 15, what is -1 - -6da?
6d9
In base 13, what is 137297 - 0?
137297
In base 15, what is 30e - -98?
3a7
In base 16, what is -f - 29b07?
-29b16
In base 5, what is -1 - 1114242?
-1114243
In base 6, what is -14535 - 4131?
-23110
In base 11, what is 11a6200 - 5?
11a61a6
In base 13, what is 0 + 801a7?
801a7
In base 3, what is -12 + -11001200221?
-11001201010
In base 11, what is 31 + 1a10?
1a41
In base 8, what is -16323061 + 5?
-16323054
In base 3, what is -22212121 + -11211?
-100001102
In base 9, what is 1570 - -163?
1743
In base 2, what is -100011001001101100000 + -1?
-100011001001101100001
In base 16, what is 68 + 351c?
3584
In base 13, what is -81 - 444?
-4c5
In base 6, what is -1110 + -311?
-1421
In base 13, what is -8b - -45?
-46
In base 11, what is 19 - 4a?
-31
In base 6, what is -5 - 240403?
-240412
In base 12, what is -1 - -2135a?
21359
In base 6, what is 105115 - -452?
110011
In base 16, what is 13a78 - 1?
13a77
In base 15, what is 56 + 15c?
1b3
In base 7, what is -3330161 - 5?
-3330166
In base 3, what is 0 + -2012202?
-2012202
In base 16, what is -489be + -6?
-489c4
In base 5, what is 1 - -221302?
221303
In base 15, what is -907 + -e?
-916
In base 10, what is -11 + -46270?
-46281
In base 4, what is -33302 - 223?
-100131
In base 4, what is 1010111 - 1122?
1002323
In base 2, what is -100000001111 - 1011000?
-100001100111
In base 16, what is 1c87d + 4?
1c881
In base 9, what is 57782 + -4?
57777
In base 9, what is -130 + -1810?
-2040
In base 11, what is 774 + -36a?
405
In base 11, what is 538 - a?
529
In base 14, what is -2c0b + -7?
-2c14
In base 12, what is 129 + 49?
176
In base 7, what is 12551 + 251?
13132
In base 13, what is 208 - -971?
b79
In base 10, what is 155 + 10?
165
In base 15, what is 4 + 3b6e?
3b73
In base 2, what is 110011010010100 - 10?
110011010010010
In base 12, what is -2 - -30b43?
30b41
In base 13, what is 23 + 174?
197
In base 13, what is 16 + -3b68?
-3b52
In base 9, what is 5 + 82057?
82063
In base 12, what is -87 - -89?
2
In base 13, what is 447 - -4a3?
91a
In base 15, what is 20e5c + 2?
20e5e
In base 12, what is 8906a - -1?
8906b
In base 15, what is 4e6 + -5e?
487
In base 3, what is -22 - -1022211?
1022112
In base 16, what is -1720 - 2?
-1722
In base 13, what is 39c - -c?
3ab
In base 5, what is 3 - -403230?
403233
In base 7, what is -5 + 135440?
135432
In base 11, what is a45 - -345?
128a
In base 2, what is -1000101001 - 111100?
-1001100101
In base 12, what is -939 + -45?
-982
In base 10, what is -1 - 263?
-264
In base 11, what is -128 + 6416?
6299
In base 14, what is 6 + 13108?
13110
In base 8, what is 3 + -3705203?
-3705200
In base 2, what is 1010111101011001 - 0?
1010111101011001
In base 5, what is 2 - -232332?
232334
In base 10, what is 2 - 23094?
-23092
In base 16, what is -a550 - -2f?
-a521
In base 7, what is 6252 + 5?
6260
In base 2, what is 10010 - 10100001010011011?
-10100001010001001
In base 5, what is 11031144 + 2?
11031201
In base 10, what is 11586 - 2?
11584
In base 6, what is -3 - 11423?
-11430
In base 4, what is 232011 - 112?
231233
In base 5, what is 2 + -10113202?
-10113200
In base 13, what is 2 + 17b0?
17b2
In base 12, what is -a77 - -47?
-a30
In base 5, what is -3 - 3044023?
-3044031
In base 2, what is -1000110 - -11101111010001?
11101110001011
In base 5, what is -10 - -132011?
132001
In base 5, what is 4 - -2010410?
2010414
In base 13, what is -1 + -3c042?
-3c043
In base 10, what is -2 - 4024?
-4026
In base 9, what is -202 + -56?
-258
In base 2, what is 1 - -10010001110101?
10010001110110
In base 6, what is -134 - 11525?
-12103
In base 8, what is 1625 - 365?
1240
In base 9, what is 5 - -257263?
257268
In base 8, what is -456627 + 14?
-456613
In base 15, what is -63 + 56c9?
5666
In base 6, what is 2232 + -115?
2113
In base 6, what is -453 - 5415?
-10312
In base 4, what is -11101002102 + 10?
-11101002032
In base 10, what is 4 + 7940?
7944
In base 15, what is -162 + -ad4?
-c46
In base 16, what is -3 + 2dd6?
2dd3
In base 15, what is e - 1334?
-1325
In base 5, what is 103322003 - 4?
103321444
In base 16, what is 4e56 - 7?
4e4f
In base 2, what is 1001010011011 + 1011111?
1001011111010
In base 4, what is 133111 + -11?
133100
In base 7, what is 3053 + -42?
3011
In base 9, what is 5 - -283232?
283237
In base 16, what is f1d3 - 5?
f1ce
In base 6, what is 0 + -2043415?
-2043415
In base 9, what is 8 - -17718?
17727
In base 2, what is -100101010 + -1110?
-100111000
In base 4, what is -2 + 210322122?
210322120
In base 8, what is 63377 - 3?
63374
In base 7, what is 15316 + 300?
15616
In base 8, what is 1124 + -63?
1041
In base 4, what is -3 + 101333023?
101333020
In base 14, what is 1ab7 - -7d?
1b56
In base 11, what is 45 + 4955?
499a
In base 10, what is -12 - 482?
-494
In base 6, what is -533 - 404?
-1341
In base 11, what is 1535 + -9?
1527
In base 8, what is -1 - 12521?
-12522
In base 4, what is 2012020 + 2?
2012022
In base 4, what is 10 + -1110300223?
-1110300213
In base 4, what is -11011120 - 10?
-11011130
In base 4, what is 0 + 223033?
223033
In base 14, what is -17a8 - -9?
-179d
In ba